{"id":3,"date":"2018-07-30T17:34:06","date_gmt":"2018-07-30T17:34:06","guid":{"rendered":"https:\/\/new.carrosserie-briano.ch\/?page_id=3"},"modified":"2022-07-27T16:06:24","modified_gmt":"2022-07-27T16:06:24","slug":"datenschutzerklaerung","status":"publish","type":"page","link":"https:\/\/carrosserie-briano.ch\/index.php\/impressum\/datenschutzerklaerung\/","title":{"rendered":"DSGVO"},"content":{"rendered":"<p>I. Name und Anschrift des Verantwortlichen und des Datenschutzbeauftragten<br \/>\nDer Verantwortliche im Sinne der Datenschutz-Grundverordnung (DSGVO) ist:<\/p>\n<p>Dario Briano<br \/>\nIm Burstel 1<br \/>\nCH-4313 M\u00f6hlin<\/p>\n<p>Die Kontaktdaten des Datenschutzbeauftragten lauten wie folgt: info@carroserie-briano.ch<\/p>\n<p>II. Allgemeines zur Datenverarbeitung<\/p>\n<p>1. Umfang der Verarbeitung personenbezogener Daten<br \/>\nUnsere Verarbeitung personenbezogener Daten unserer Nutzer beschr\u00e4nkt sich auf jene Daten,<br \/>\ndie zur Bereitstellung einer funktionsf\u00e4higen Internetseite sowie unserer Inhalte und<br \/>\nLeistungen erforderlich sind. Die Verarbeitung personenbezogener Daten unserer Nutzer erfolgt<br \/>\nnur zu den mit ihnen vereinbarten Zwecken oder wenn eine sonstige rechtliche Grundlage<br \/>\n(im Sinn der DSGVO) vorliegt. Es werden nur solche personenbezogenen Daten erhoben,<br \/>\ndie f\u00fcr die Durchf\u00fchrung und Abwicklung unserer Aufgaben und Leistungen tats\u00e4chlich<br \/>\nerforderlich sind oder die Sie uns freiwillig zur Verf\u00fcgung gestellt haben.<\/p>\n<p>2. Ihre Rechte (Betroffenenrechte)<br \/>\nSie haben das Recht, Auskunft \u00fcber Ihre von uns verarbeiteten personenbezogenen Daten<br \/>\nzu verlangen. Insbesondere k\u00f6nnen Sie Auskunft \u00fcber die Verarbeitungszwecke, die Kategorien<br \/>\nder personenbezogenen Daten, die Kategorien von Empf\u00e4ngern, gegen\u00fcber denen Ihre<br \/>\nDaten offengelegt wurden oder werden, die geplante Speicherdauer, das Bestehen eines<br \/>\nRechts auf Berichtigung, L\u00f6schung, Einschr\u00e4nkung der Verarbeitung oder Widerspruch, Daten\u00fcbertragung,<br \/>\ndie Herkunft Ihrer Daten, sofern diese nicht bei uns erhoben wurden, sowie<br \/>\n\u00fcber das Bestehen einer automatisierten Entscheidungsfindung einschliesslich Profiling verlangen.<\/p>\n<p>Sie haben auch das Recht, eine allenfalls erteilte Einwilligung zur Nutzung Ihrer personenbezogenen<br \/>\nDaten jederzeit zu widerrufen.<\/p>\n<p>Sofern Sie der Auffassung sind, dass die Verarbeitung Ihrer personenbezogenen Daten<br \/>\ndurch uns im Widerspruch zu den geltenden Datenschutzbestimmungen steht, haben Sie die<br \/>\nM\u00f6glichkeit, sich bei der Datenschutzstelle zu beschweren.<\/p>\n<p>III. Beschreibung und Umfang der Datenverarbeitung<br \/>\n1. Bereitstellung der Webseite<br \/>\nBei jedem Aufruf unserer Internetseite erfasst unser System automatisiert Daten und Informationen<br \/>\nvom Computersystem des aufrufenden Rechners.<\/p>\n<p>Folgende Daten werden hierbei erhoben:<\/p>\n<p>Informationen \u00fcber den Browsertyp und die verwendete Version<br \/>\nDas Betriebssystem des Nutzers<br \/>\nDen Internet-Service-Provider des Nutzers<br \/>\nDie IP-Adresse des Nutzers<br \/>\nDatum und Uhrzeit des Zugriffs<br \/>\nInternetseiten, von denen das System des Nutzers auf unsere Internetseite gelangt<\/p>\n<p>Die Speicherung erfolgt aus Gr\u00fcnden der Datensicherheit, um die Stabilit\u00e4t und die Betriebssicherheit<br \/>\nunseres Systems zu gew\u00e4hrleisten.<br \/>\nWir analysieren die Nutzung unseres Internetauftritts mit dem Webanalyse-Tool des ICS<br \/>\nContent-Management-Systems. Dies dient ausschliesslich zur Optimierung der Webseite in<br \/>\nBezug auf Benutzerfreundlichkeit und Bereitstellung von n\u00fctzlichen Informationen \u00fcber unsere<br \/>\nLeistungen. Eine Zusammenf\u00fchrung dieser Daten mit anderen personenbezogenen Datenquellen<br \/>\noder Weitergabe an Dritte erfolgt nicht.<br \/>\nRechtsgrundlage f\u00fcr die vor\u00fcbergehende Speicherung der Daten und der Logfiles ist Art. 6<br \/>\nAbs. 1 lit. ft DSGVO.<br \/>\nEs findet keine personenbezogene Auswertung statt. Die Analysen basieren auf anonymisierten<br \/>\nDatens\u00e4tzen.<\/p>\n<p>2. Weitere Web-Dienste<br \/>\nF\u00fcr den Einsatz weiterer Web-Dienste, wie z.B. sozialen Medien (Facebook) gelten zus\u00e4tzlich<br \/>\nzur Datenschutzgrundverordnung, welche als vorrangig zu behandeln ist, noch deren<br \/>\nDatenschutzerkl\u00e4rungen, die jeweils auf den Webseiten der Anbieter abrufbar sind.<\/p>\n<p>3. Kontaktformular<br \/>\nF\u00fcllen Sie ein Kontaktformular aus oder senden Sie uns eine Mail oder eine sonstige elektronische<br \/>\nNachricht, werden Ihre Angaben nur f\u00fcr die Bearbeitung der Anfrage, m\u00f6gliche damit<br \/>\nzusammenh\u00e4ngende weitere Fragen, gespeichert und nur im Rahmen der Anfrage verwendet.<\/p>\n<p>Rechtsgrundlage f\u00fcr die Bearbeitung Ihrer Anfrage ist Art. 6 Abs. 1 S. 1 lit. b DSGVO.<\/p>\n<p>4. Dateidownloads (z. B. Software)<br \/>\nWir verlangen von Ihnen keine pers\u00f6nlichen Angaben, damit Sie Dateien von unserer Internetseite<br \/>\nherunterladen k\u00f6nnen.<\/p>\n<p>IV. Datensicherheit<br \/>\nWir verwenden innerhalb des Webseite-Besuchs das verbreitete SSL-Verfahren , das von<br \/>\nIhrem Browser unterst\u00fctzt wird. Ob eine einzelne Seite unseres Internetauftrittes verschl\u00fcsselt<br \/>\n\u00fcbertragen wird, erkennen Sie an der geschlossenen Darstellung des Sch\u00fcssel- beziehungsweise<br \/>\nSchlossSymbols in der Adressleiste Ihres Browsers.<\/p>\n<p>Dar\u00fcber hinaus wenden wir weitere geeignete technische und organisatorische Sicherheitsmassnahmen<br \/>\nan, um Ihre Daten gegen zuf\u00e4llige oder vors\u00e4tzliche Manipulationen, teilweisen<br \/>\noder vollst\u00e4ndigen Verlust, Zerst\u00f6rung oder gegen den unbefugten Zugriff Dritter zu sch\u00fctzen.<br \/>\nUnsere Sicherheitsmassnahmen werden entsprechend der technologischen Entwicktung<br \/>\nfortlaufend verbessert.<\/p>\n","protected":false},"excerpt":{"rendered":"<p>I. Name und Anschrift des Verantwortlichen und des Datenschutzbeauftragten Der Verantwortliche im Sinne der Datenschutz-Grundverordnung (DSGVO) ist: Dario Briano Im Burstel 1 CH-4313 M\u00f6hlin Die Kontaktdaten des Datenschutzbeauftragten lauten wie folgt: info@carroserie-briano.ch II. Allgemeines zur Datenverarbeitung 1. Umfang der Verarbeitung personenbezogener Daten Unsere Verarbeitung personenbezogener Daten unserer Nutzer beschr\u00e4nkt sich auf jene Daten, die zur &hellip; <a href=\"https:\/\/carrosserie-briano.ch\/index.php\/impressum\/datenschutzerklaerung\/\" class=\"more-link\"><span class=\"screen-reader-text\">DSGVO<\/span> weiterlesen <span class=\"meta-nav\">&rarr;<\/span><\/a><\/p>\n","protected":false},"author":1,"featured_media":0,"parent":47,"menu_order":90,"comment_status":"closed","ping_status":"closed","template":"","meta":{"footnotes":""},"class_list":["post-3","page","type-page","status-publish","hentry"],"_links":{"self":[{"href":"https:\/\/carrosserie-briano.ch\/index.php\/wp-json\/wp\/v2\/pages\/3","targetHints":{"allow":["GET"]}}],"collection":[{"href":"https:\/\/carrosserie-briano.ch\/index.php\/wp-json\/wp\/v2\/pages"}],"about":[{"href":"https:\/\/carrosserie-briano.ch\/index.php\/wp-json\/wp\/v2\/types\/page"}],"author":[{"embeddable":true,"href":"https:\/\/carrosserie-briano.ch\/index.php\/wp-json\/wp\/v2\/users\/1"}],"replies":[{"embeddable":true,"href":"https:\/\/carrosserie-briano.ch\/index.php\/wp-json\/wp\/v2\/comments?post=3"}],"version-history":[{"count":6,"href":"https:\/\/carrosserie-briano.ch\/index.php\/wp-json\/wp\/v2\/pages\/3\/revisions"}],"predecessor-version":[{"id":435,"href":"https:\/\/carrosserie-briano.ch\/index.php\/wp-json\/wp\/v2\/pages\/3\/revisions\/435"}],"up":[{"embeddable":true,"href":"https:\/\/carrosserie-briano.ch\/index.php\/wp-json\/wp\/v2\/pages\/47"}],"wp:attachment":[{"href":"https:\/\/carrosserie-briano.ch\/index.php\/wp-json\/wp\/v2\/media?parent=3"}],"curies":[{"name":"wp","href":"https:\/\/api.w.org\/{rel}","templated":true}]}}